 = -5*p - z*u. What is the greatest common divisor of 4 and p?
2
Let h(c) = 7*c. Let k be h(0). Suppose 5*g = 220 + 110. Suppose k = 3*m - g. What is the greatest common factor of m and 22?
22
Let g be (-874)/(-10) - 15/(-25). Suppose g = -7*j + 8*j. What is the highest common factor of 11 and j?
11
Suppose -10*w = -9*w - 40. Let h be 2/8 + (-25)/20. Let z be 6*((-21)/(-9) + h). Calculate the greatest common factor of z and w.
8
Let s = -11 + 5. Let b be 237/27 + s/(-27). What is the greatest common factor of b and 99?
9
Let n(l) = -13*l**3 - 8*l**2 - 10*l - 8. Let v be n(-2). Calculate the highest common divisor of 140 and v.
28
Suppose -2*v = 2*v - 700. Let u be -15*7/(v/(-15)). Let l(f) = 3*f + 6. Let j be l(u). What is the highest common divisor of 3 and j?
3
Let b(j) = 7*j**2 - j - 1. Let x(v) = -v + 9. Let f be x(8). Let r be b(f). What is the greatest common factor of 5 and r?
5
Suppose 0 = -5*q - h + 70, -3*q + 0*h = 5*h - 64. Let n(z) = 4*z**2 - 7*z - 4. Let s be n(7). Calculate the greatest common divisor of q and s.
13
Let b(m) = -5 - 121*m**2 + 1 + 3*m + 127*m**2. Let j be b(2). What is the greatest common divisor of j and 26?
26
Let d = 1 - 2. Let b be (d + 16)*(2 + -1). Let x = b - -4. Calculate the greatest common divisor of 190 and x.
19
Let s(a) be the second derivative of -a**4/12 + 4*a**3/3 - a**2/2 - 16*a. Let u be s(6). Calculate the greatest common divisor of 44 and u.
11
Let u = -63 + 159. Calculate the highest common divisor of u and 16.
16
Let j = -44 + 43. Let i be (-3)/(j/1) - (3 + -16). Calculate the highest common divisor of 176 and i.
16
Let s be (2017/(-3))/(-1) - 9/27. Calculate the greatest common factor of s and 252.
84
Let d = 909 - 425. What is the highest common divisor of 220 and d?
44
Let t = -39 + 53. Suppose t = 2*s - 0. Suppose w = -x + 2*w + 57, 5*x + 2*w = 278. Calculate the highest common factor of x and s.
7
Let z be 32/(6 + 2) + 337. Let v = 57 + -26. Calculate the greatest common factor of z and v.
31
Suppose b + 32 = -13*h + 16*h, 2*b + 14 = h. Calculate the highest common factor of 1300 and h.
10
Let b = 148 + 60. Calculate the highest common divisor of b and 32.
16
Let l(j) = 9*j + 462. Let i be l(-30). What is the highest common factor of 16 and i?
16
Suppose -140 = -8*z + 3*z. What is the highest common divisor of 756 and z?
28
Let a = 110 - 98. Calculate the highest common factor of a and 20.
4
Let n be 1/9 - 5797/(-153). Calculate the greatest common factor of n and 1026.
38
Let l = -3284 + 4647. Calculate the greatest common divisor of 47 and l.
47
Suppose 26130 = 609*t - 596*t. Calculate the greatest common factor of t and 60.
30
Suppose 116 - 376 = -5*l. Let s(f) = -1135*f + 3977. Let k be s(3). Calculate the highest common factor of l and k.
52
Suppose -16 = -m - 3*m. Suppose -66 = -2*d + m. Calculate the greatest common divisor of 385 and d.
35
Let v = 188 + -84. What is the greatest common divisor of v and 26?
26
Suppose 0 = 3*t + 2*t + 15, 0 = -2*o + t + 141. Calculate the highest common divisor of 1173 and o.
69
Let r = -68 - 11. Let b = -11 - r. Let l be -2 - 1 - (-5 - b). Calculate the highest common factor of 28 and l.
14
Suppose -5*c - 14 = -4*x, -8*c + 13*c = -3*x + 28. What is the greatest common divisor of 15 and x?
3
Let y = -20 - 14. Let h = 37 + y. What is the greatest common divisor of h and 21?
3
Let r = -205 + 229. What is the highest common factor of r and 552?
24
Let l = -18 + 65. Let g = l + -31. Let o be (-2 - 0) + 1 - -81. Calculate the greatest common factor of g and o.
16
Suppose -3*x + 5*k + 877 - 6 = 0, 5*x + 2*k - 1493 = 0. Let h = 67 - 34. Calculate the greatest common factor of h and x.
33
Let p = 268 + -237. What is the greatest common factor of p and 31?
31
Suppose 5907 + 6072 = 9*a. Calculate the highest common divisor of 11 and a.
11
Let w = 24 + -13. Let j be (2/(-3))/(-2)*9. Let q(x) = x**2 + 2. Let l be q(j). What is the highest common factor of l and w?
11
Let z(n) = -n**2 - 2*n - 1. Let x be z(-1). Suppose -5*r + 5 = x, m - 7 = -4*r - 0*r. Suppose 6*c = m*c + 36. Calculate the highest common factor of 60 and c.
12
Suppose 67*u - 70*u + 54 = 0. What is the greatest common factor of u and 30?
6
Let u = -271 + 287. What is the greatest common divisor of 296 and u?
8
Let z = 26 - 0. Suppose -q = -3*q - 2. Let j be 51/(2 - q) - 4. Calculate the greatest common factor of j and z.
13
Let v = -82 + 88. Suppose 0 = v*j + 6*j - 264. Let t = -7 + 18. What is the greatest common factor of t and j?
11
Let r = 2383 - 1615. Calculate the highest common divisor of r and 32.
32
Suppose 2*r + 0*r - 5*b - 153 = 0, -276 = -4*r + 4*b. Suppose x = 6*x, 4*a = -x - 80. Let u be (72/15)/((-6)/a). What is the highest common factor of r and u?
16
Suppose 16 = 4*w - 28. Let u be w + -3 + 2/2. Calculate the highest common divisor of 27 and u.
9
Let z be (-2 + 0)/(19/(-152)). Suppose 0 = -7*w + 4*w - l + 788, 2*w + 2*l = 532. Let q = w + -165. Calculate the highest common factor of z and q.
16
Suppose 5*b - 3*y - 99 = 0, -y = -2*b - 4 + 43. Suppose 4*n = -361 + 1585. Suppose 0 = -4*k - 90 + n. What is the highest common factor of k and b?
18
Let u(j) = 3*j**2 - 104*j + 82. Let q be u(34). Calculate the greatest common factor of 175 and q.
7
Let r(m) be the third derivative of 1/15*m**5 + 0*m**4 - 12*m**2 + 0*m - 1/6*m**3 + 0. Let a be r(5). What is the greatest common factor of a and 9?
9
Suppose 4 - 10 = g. Let o be (-810)/g - (0 - -2)/1. Suppose -x + 13 + 2 = -z, -26 = -2*x + 3*z. Calculate the greatest common divisor of o and x.
19
Suppose -292 + 108 = 3*b - 5*p, -2*p = b + 43. Let n be (-1)/((-1)/b)*1. Let c = 165 + n. Calculate the greatest common divisor of c and 16.
16
Let h be (125/(-75))/(2/(-6)). What is the greatest common factor of 115 and h?
5
Let m be ((-32)/24 - -1) + (-345)/(-9). Calculate the greatest common factor of 646 and m.
38
Let m(b) = 4*b**3 - 4*b + 3. Let t be m(1). Suppose a = -t*q + 5*q + 54, -3*q = a - 69. Calculate the highest common factor of a and 20.
20
Let d = 1535 - 1018. Let y be ((-30)/90)/(1/(-141)). Calculate the highest common factor of d and y.
47
Suppose 3*q + 44 = 4*t, -5*q - 32 + 4 = -t. Let y = -25 - -57. Suppose y = 3*c + c. What is the highest common divisor of t and c?
8
Let o be (-4)/(-3) - (-8)/12. Suppose 5 = 3*n - o*n. Suppose 11*y - 4*y = 245. Calculate the highest common divisor of y and n.
5
Let g be 50/(-5) + 3 + 105. Calculate the greatest common factor of g and 238.
14
Let x be 1 - (-5 - -1 - 49). Calculate the highest common factor of x and 162.
54
Let y be (-1 - -2)/(-4 - (-18)/4). Suppose 2*h + 602 = 4*p - 0*h, y*p + 4*h = 316. What is the highest common divisor of 19 and p?
19
Let i(k) = -46*k - 1. Let h be i(-1). Suppose -y + h = 2*y. Let x be y*-7*(-4 + 3). What is the highest common factor of x and 15?
15
Let t(x) be the third derivative of x**4/4 + 2*x**3 + 37*x**2. Let d be (-26)/(-5) + 3/(-15). Let o be t(d). Calculate the highest common factor of o and 28.
14
Let o = 19 + -16. Suppose -5*l + o*d + 30 = 0, -3*l + 12 = -l + 4*d. Suppose 0*z + 2*z = 30. Calculate the highest common factor of l and z.
3
Let u = 9 - 3. Let f(k) = 5*k**2 + 2*k. Let h be f(-2). Let p be (h/12)/(2/36). Calculate the greatest common divisor of u and p.
6
Suppose -4*z = z - c - 21, -5*z + 41 = 4*c. Suppose 0 = h - z*h + 88. What is the highest common divisor of 110 and h?
22
Suppose 115 + 863 = 163*h. Let k be 20/(-6)*3/(-2). Let c = k - -31. What is the highest common factor of c and h?
6
Let y be 5 + -1 + (-16)/1. Let a be (-18 - -8)*1/(10/y). Calculate the greatest common divisor of 6 and a.
6
Suppose -3*i = -5*p + 241, 0 = -2*i + p - 5*p - 146. Let j = -59 - i. Calculate the highest common divisor of j and 6.
6
Let m = -86 - -123. Let l = m - 26. Suppose t = 44 - l. Calculate the greatest common factor of t and 66.
33
Let m be 45/10*6/(-9). Let q be (-8)/(-4)*(3/(-2) - m). What is the highest common factor of q and 9?
3
Let l be (-2)/(-7) - 333/63. Let b(z) = -z**3 - 6*z**2 - 7*z - 4. Let v be b(l). What is the highest common divisor of v and 30?
6
Suppose -4*n + 8*n + 24 = 0. Let u be n/8 + 0 + (-750)/(-8). Calculate the highest common factor of u and 31.
31
Let c(u) = -26*u - 24. Let p be c(-1). Calculate the greatest common 